der when 23 is divided by (4 + -1)*m/6.
7
Let a = -11 - -35. Calculate the remainder when 70 is divided by a.
22
Suppose -3*n + p - 17 = 2*p, -2*n - 15 = -3*p. Calculate the remainder when (-18)/n*28/6 is divided by 8.
6
Let g = 241 - 145. Let h = g + -65. Calculate the remainder when h is divided by 16.
15
Let c(w) = -w**3 + 4*w**2 + 7*w + 2. Calculate the remainder when (-43)/(-2) + 2/36*9 is divided by c(5).
10
Let h = 92 + -53. What is the remainder when h is divided by 8?
7
Suppose -19*h + 20*h - 16 = 0. Calculate the remainder when 30 is divided by h.
14
Let q(y) = -y**3 + 3*y**2 + 6*y - 5. Suppose -4 = -4*n + 4*p, 2*n + 2*p - p - 8 = 0. What is the remainder when q(4) is divided by n?
0
Suppose 8*w - 1 = -3*z + 4*w, 5*z + 3*w - 9 = 0. Suppose -3*r = -r - 44. Let m = r + -14. What is the remainder when m is divided by z?
2
Let p = -1 + 1. Suppose p = 2*m + m - 27. Let j = 61 - 56. Calculate the remainder when m is divided by j.
4
Suppose -4*m + 14 = 6. Let b be (m + 2 + -7)*-1. Suppose -b*l + 22 = -l. What is the remainder when 32 is divided by l?
10
Suppose 3*j + 4*p = 81, 4*j = -0*j + 2*p + 130. What is the remainder when j is divided by 16?
15
Let c be 1/4 + (-82)/8. Let b = 15 + c. What is the remainder when 2/5 - (-153)/b is divided by 11?
9
Let f(g) = -7*g - 2. Let n be 0 + 4 - 4/(-2). Suppose 3*s + 0*s = -n. Calculate the remainder when f(s) is divided by 5.
2
Let d be (-322)/(-8) - (-1)/(-4). Suppose 32 = r + 2*o + 3*o, -4*r + 2*o + d = 0. What is the remainder when 23 is divided by r?
11
Let u(y) = y**3 - 4*y**2 + 4*y. Let j be u(3). Suppose -5*i + j = -4*i. Let r = 2 + i. What is the remainder when r is divided by 3?
2
Let z = 13 - -2. What is the remainder when 42 is divided by z?
12
Let f = -19 - -30. Suppose 0 = 4*y - c - 15, -3*c + 7 = y - 0*y. What is the remainder when 2/4 - f/(-2) is divided by y?
2
Let v(n) = -19*n**2 - 2*n - 1. Let o(l) = -l**2 + 6*l + 6. Let w be o(7). Let c be v(w). Calculate the remainder when 6/c + 22/3 is divided by 5.
2
Let p be 160/12*36/5. Suppose p = 3*i + 21. Suppose -l - 1 = 0, -4*x + 12 = l - 15. What is the remainder when i is divided by x?
4
Suppose -b - 6 = -2*b - 3*t, -3*b + t + 38 = 0. What is the remainder when 40 is divided by b?
4
Let r(a) = -2*a**2 - 2*a + 7. Let v be r(5). Let h be (-665)/21 - 4/(-6). Let j = h - v. Calculate the remainder when 64 is divided by j.
20
Let p(m) = 3*m - 18. Let b be ((-4)/(-1))/((-6)/(-3)). Calculate the remainder when p(9) is divided by b/(-4)*(-20)/2.
4
Let i(c) = -4*c - 9. Let d = -11 + 4. Let u(s) = 55*s**3 + s - 1. Calculate the remainder when u(1) is divided by i(d).
17
Let f(i) = i**3 - 4*i - 4. Suppose 114 = 3*u + 3*b, 4*u = 9*u + 4*b - 193. Calculate the remainder when u is divided by f(3).
8
Let y be 1 - ((-1 - -1) + -20). Suppose y = -2*t + 5. Let r = t - -26. Calculate the remainder when 34 is divided by r.
16
Suppose -29 - 139 = -2*k. Suppose -4*o = k - 12. Let r = o + 50. What is the remainder when r is divided by 11?
10
Let s = -4 + 31. Suppose -408 = -4*o - 4*v, -5*v = 4*o - 99 - 306. What is the remainder when o is divided by s?
24
Let w be (-176)/48*-1*3. Suppose -z + w = s, -3*z + 0 = -2*s + 22. Calculate the remainder when s is divided by 7.
4
Let m(g) = g**3 + 3*g**2 - 2*g. Let o be m(-3). Let q be (-2)/(-6) + 22/o. Suppose p - 265 = -q*p. Calculate the remainder when p is divided by 18.
17
Let n = 35 - 25. Let g(r) = r**2 - 5*r + 3. What is the remainder when g(-4) is divided by n?
9
Suppose -200 = -5*w + 15. Calculate the remainder when w is divided by 15.
13
Let u(n) = n**3 + 4*n**2 - n - 1. Suppose -5 - 15 = -s. What is the remainder when s is divided by u(-3)?
9
Suppose 4*f - l = 2*l + 29, 3*f - 18 = l. What is the remainder when 12 is divided by f?
2
Let m(g) = 17*g**2. Let z = 97 + -92. What is the remainder when m(-1) is divided by z?
2
Suppose 7*r - 264 = -4*r. What is the remainder when 32 is divided by r?
8
What is the remainder when -2 - 0 - (-34 + -2) is divided by 7?
6
Let r(i) be the third derivative of 1/3*i**3 + 7/12*i**4 - 3*i**2 + 0*i + 0. What is the remainder when r(2) is divided by 16?
14
Suppose -2*l = -5*x + 343, -260 = -3*x - 4*l - 49. Calculate the remainder when x is divided by 35.
34
Let r(z) = z**3 - 3*z**2 - 7*z + 6. Let c be r(5). Suppose 7*u - c = 4*u. Calculate the remainder when 32 is divided by u.
4
Let g be 8/6*6/4. Suppose -g*v = 11 - 27. Calculate the remainder when 23 is divided by v.
7
Let k = 9 + 28. Suppose -5 = -2*t - 15, 5*m - 25 = -5*t. Calculate the remainder when k is divided by m.
7
Let p(i) = i**3 + 12*i**2 + 8*i - 26. Suppose z - 3 = -0*z. What is the remainder when p(-11) is divided by z?
1
Let v = -10 - -25. What is the remainder when v is divided by 6?
3
Suppose 3*t - 6*t = 5*b + 8, -2*b = 4*t - 8. Calculate the remainder when 13 is divided by t.
1
Suppose -3*n = -2*n - 6. Let m be (-2*1)/(n/(-12)). Suppose m*o - 59 = 29. Calculate the remainder when 42 is divided by o.
20
Let y = 9 - 23. Calculate the remainder when y/35 - (-77)/5 is divided by 4.
3
Calculate the remainder when 63 is divided by (-154)/(-12) + 3/(-108)*-6.
11
Suppose 2 = -a + 14. Let f = a - -1. What is the remainder when f is divided by 5?
3
Suppose 110 = 5*d - 0*d. What is the remainder when 197 is divided by d?
21
Let n(x) = 4*x - 3. Suppose -11 = -4*j - 3. Calculate the remainder when (-100)/(-7) - 4/14 is divided by n(j).
4
Let j = -5 + 6. Let c = 3 + 0. Suppose -3*s + 5*d = -18, c*s = 2*d + 2*d + 15. Calculate the remainder when s is divided by j.
0
Let d = 9 - 6. Let u be 2/(-6)*2*-6. Suppose -d*f + u*b = -39, -3*f = -b + 2*b - 54. Calculate the remainder when f is divided by 6.
5
Suppose -3 = b - f - 5, -b - 3 = -2*f. Let g(i) = i**3 + 6*i**2 - 4*i - 6. Let y be g(-6). Let j = y - b. Calculate the remainder when 21 is divided by j.
10
Let c(v) = -v**3 - 3*v**2 + 5*v + 6. Let g = 3 - 7. Let r be c(g). Suppose 5*b = b - 2*x + 26, r*x + 10 = 0. What is the remainder when b is divided by 5?
4
Suppose -2*h + 5*c + 4 = 0, c = 5*h - c - 31. What is the remainder when 34 is divided by h?
6
Calculate the remainder when 12/(-8)*1*158/(-3) is divided by 24.
7
Suppose -2*n = -13 - 3. Suppose 2*v + 3*v = 0. Suppose -54 = -2*p + 2*r, -r + v*r = 2*p - 39. Calculate the remainder when p is divided by n.
6
Suppose 0 = 2*t + 54 - 160. What is the remainder when t is divided by 14?
11
Let a(l) = l**3 + 5*l**2 + 4*l + 3. Calculate the remainder when 7 is divided by a(-4).
1
Let l be -2*(-1)/(-2) + 1. Suppose l = -4*j + 3*j + 18. Let s = 9 + 1. What is the remainder when j is divided by s?
8
Suppose -k + 4 = -1. What is the remainder when 18 is divided by k?
3
Let k be (-2 - 0) + 2 + 5. Let g(d) = -d**3 + 7*d**2 - d + 7. What is the remainder when g(k) is divided by 18?
16
Let v(s) = -s**2 - s**3 + 6 - 22*s + 0 + 28*s. What is the remainder when v(-4) is divided by 11?
8
Calculate the remainder when 32 is divided by 0/5 - (-1 + -11).
8
Calculate the remainder when (-4)/(-34) + 4004/68 is divided by 15.
14
Let f = 72 + -32. Suppose -n = 0, -3*n + f + 16 = 2*z. Calculate the remainder when z is divided by 15.
13
Let q(b) = -b - 1. Let m be q(-6). Let g = 1 + m. Calculate the remainder when (-2)/(-8) + (-63)/(-4) is divided by g.
4
Let y(h) = h**2 - 3*h - 12. Let g be y(5). Let f = g - -10. What is the remainder when 22 is divided by f?
6
Let c = 3 + -2. Suppose 17 = 5*u + m, 0 = -m + 1 + c. Suppose 5*i + 2*d + u*d - 5 = 0, 41 = 5*i - 4*d. What is the remainder when i is divided by 3?
2
Let y = 43 + -21. Suppose g = -g + y. What is the remainder when 41 is divided by g?
8
Let j(u) = 3*u**3 - u**3 + 2 + 2*u + 4*u**2 - 5*u**3 + 2*u**3. Calculate the remainder when 29 is divided by j(4).
9
Calculate the remainder when ((-16)/10)/((-7)/280) is divided by 35.
29
Let a = -23 + 35. Let y(i) = -5*i**3 + 4*i + 3. Calculate the remainder when y(-2) is divided by a.
11
Let l = -9 - -14. Suppose -5*m - l*i + 20 = -40, -56 = -5*m - i. Suppose 4*j + 32 = 5*j. Calculate the remainder when j is divided by m.
10
Suppose -12 = -2*g - 4*u + 6*u, g - 10 = 5*u. Suppose -t - 7 = -4*m, g*t + 2*m - 79 = -4. Calculate the remainder when 50 is divided by t.
11
Let t be 0/9 + 40/1. What is the remainder when (t/(-16))/((-2)/24) is divided by 16?
14